{"id":2488,"date":"2019-05-29T22:08:31","date_gmt":"2019-05-29T19:08:31","guid":{"rendered":"https:\/\/polentantuni.com\/site\/?post_type=product&#038;p=2488"},"modified":"2025-07-26T13:39:23","modified_gmt":"2025-07-26T10:39:23","slug":"beytuni","status":"publish","type":"product","link":"https:\/\/polentantuni.com\/site\/index.php\/urun\/beytuni\/","title":{"rendered":"Beytuni"},"content":{"rendered":"<p>Ad\u0131n\u0131 ilk defa duyaca\u011f\u0131n\u0131z tad\u0131na bay\u0131laca\u011f\u0131n\u0131z benzersiz lezzetiyle Beytuni art\u0131k hayat\u0131n\u0131zda. Afiyet olsun<\/p>\n","protected":false},"excerpt":{"rendered":"<p>Ad\u0131n\u0131 ilk defa duyaca\u011f\u0131n\u0131z tad\u0131na bay\u0131laca\u011f\u0131n\u0131z benzersiz lezzetiyle Beytuni art\u0131k hayat\u0131n\u0131zda. Afiyet olsun<\/p>\n","protected":false},"featured_media":2336,"template":"","meta":[],"product_brand":[],"product_cat":[98],"product_tag":[],"class_list":{"0":"post-2488","1":"product","2":"type-product","3":"status-publish","4":"has-post-thumbnail","6":"product_cat-tum-lezzetler","8":"first","9":"instock","10":"shipping-taxable","11":"product-type-simple"},"_links":{"self":[{"href":"https:\/\/polentantuni.com\/site\/index.php\/wp-json\/wp\/v2\/product\/2488","targetHints":{"allow":["GET"]}}],"collection":[{"href":"https:\/\/polentantuni.com\/site\/index.php\/wp-json\/wp\/v2\/product"}],"about":[{"href":"https:\/\/polentantuni.com\/site\/index.php\/wp-json\/wp\/v2\/types\/product"}],"wp:featuredmedia":[{"embeddable":true,"href":"https:\/\/polentantuni.com\/site\/index.php\/wp-json\/wp\/v2\/media\/2336"}],"wp:attachment":[{"href":"https:\/\/polentantuni.com\/site\/index.php\/wp-json\/wp\/v2\/media?parent=2488"}],"wp:term":[{"taxonomy":"product_brand","embeddable":true,"href":"https:\/\/polentantuni.com\/site\/index.php\/wp-json\/wp\/v2\/product_brand?post=2488"},{"taxonomy":"product_cat","embeddable":true,"href":"https:\/\/polentantuni.com\/site\/index.php\/wp-json\/wp\/v2\/product_cat?post=2488"},{"taxonomy":"product_tag","embeddable":true,"href":"https:\/\/polentantuni.com\/site\/index.php\/wp-json\/wp\/v2\/product_tag?post=2488"}],"curies":[{"name":"wp","href":"https:\/\/api.w.org\/{rel}","templated":true}]}}